e p + 12 - g = 0. Calculate the greatest common factor of 33 and p.
3
Let q be -2*(290/(-4) + 0). Calculate the greatest common factor of q and 58.
29
Suppose -7 - 8 = -5*i. Suppose -i*f - 1 - 221 = 0. Let t be f/(-26) + (-10)/(-65). What is the greatest common factor of 12 and t?
3
Let m(i) = -i**3 + 4*i**2 + 9*i - 10. Let o be m(5). Suppose 3*h = -0*q + 3*q + 216, -2*q = -o. What is the highest common factor of 7 and h?
7
Let w be 3*(-4)/2*(-124)/6. What is the highest common factor of 217 and w?
31
Let f = -6 - -16. Let l be (36/5)/(f/25). Calculate the greatest common divisor of 2 and l.
2
Let v = -36 - -40. Suppose a + v*a + 179 = 3*f, -88 = -f - 4*a. Calculate the greatest common divisor of 102 and f.
34
Suppose 175*s = 185*s - 560. Calculate the highest common factor of s and 32.
8
Suppose -25 = 5*s, -4*z - 2*s - 195 + 1481 = 0. What is the greatest common divisor of 72 and z?
36
Suppose 0 = -3*m + 30 - 0. Suppose 4*n = -3*n + 21. Suppose 2*g = 3*d + 32, n*g - 46 = -0*g + 4*d. What is the highest common divisor of g and m?
10
Let j = 789 + -767. Calculate the greatest common divisor of 5 and j.
1
Let f be 6776/110*(-20)/(-8). What is the greatest common factor of 132 and f?
22
Suppose -4*m + 12 = 0, c - 64 - 26 = 3*m. Let b be 1 + 2 + (8 - 45). Let k = -23 - b. What is the highest common divisor of k and c?
11
Let p(r) = 9*r**2 + 2*r - 1. Let i be p(-2). Let w be ((-4)/12)/(1/9). Let j be 60 + -2 + 1 - w. Calculate the highest common divisor of j and i.
31
Suppose 5*p - 2*p - 165 = 0. Let u(y) = -46*y + 228. Let w be u(4). Calculate the highest common divisor of p and w.
11
Let u(s) = s**3 + 11*s**2 - 49*s - 69. Let h be u(-14). Calculate the greatest common divisor of 841 and h.
29
Suppose -5*q + 154 = 89. What is the highest common divisor of q and 26?
13
Let a be (90/(-21))/(-2 - (-1220)/616). Calculate the greatest common divisor of 44 and a.
44
Suppose -16 - 8 = -4*x. Suppose 3*t - 114 = -x. Calculate the highest common factor of t and 9.
9
Suppose -5*h + 63 = 3. Calculate the greatest common divisor of 228 and h.
12
Let g be (1 - -7)/((-3)/6 - -1). Suppose -42 = -g*h + 15*h. Calculate the greatest common factor of 105 and h.
21
Let g(w) = -8*w - 16. Let a = -46 + 42. Let p be g(a). What is the highest common factor of 16 and p?
16
Suppose -24 = -2*q + 16. Suppose z + 4*z = q. Suppose -4*s + t = z*t - 73, 3*t = -3. Calculate the highest common divisor of s and 38.
19
Suppose 4*t = 2*v - 64, -52 = -5*v + 2*t + 132. Let a be 3/((-6)/8) + 158. Let p = a + -135. What is the highest common divisor of p and v?
19
Suppose 2 = -5*o + 12. Suppose 5*y - u - 3*u + 15 = 0, -o*y - 6 = -2*u. Let w be 3 - -5 - (-3)/y. What is the greatest common divisor of w and 7?
7
Let v(w) be the first derivative of -w**2/2 + 8*w - 3. Let s be v(6). Calculate the greatest common divisor of s and 6.
2
Let t(k) = -k**3. Let m be t(0). Suppose 3*p - 26 = 4*d, m = -p - 2*d + 22 - 0. Suppose 3*j = 16 + p. What is the highest common factor of 80 and j?
10
Let b be (-29)/((-522)/(-300))*(-12)/5. Calculate the highest common divisor of b and 260.
20
Let c(j) = -10*j**2 + 50*j + 11. Let z be c(5). Calculate the highest common factor of z and 8.
1
Let z = 273 - 264. What is the highest common divisor of z and 15?
3
Let i(n) = 2*n**2 + 4*n - 10. Let q = -33 + 28. Let x be i(q). Calculate the highest common divisor of x and 40.
20
Suppose 147 = -w + 2*i, 0 = 3*w - 0*i + 4*i + 471. Suppose 2*z - 862 = 4*n, -n + 5*n = 5*z - 859. Let f = w - n. What is the highest common factor of 7 and f?
7
Suppose -72 = -5*o + 18. Let h = o + -14. Let z = 36 - h. Calculate the greatest common factor of z and 8.
8
Let m(t) = 15*t**2 - 2*t - 1. Let p be m(-2). Suppose h + 5*d + 11 = 4*h, -4*h + 30 = d. What is the highest common divisor of p and h?
7
Suppose 91 = -n + 2*n. Let k = n - 86. What is the greatest common divisor of k and 65?
5
Let h(a) = -a**2 - 8*a - 6. Let k be h(-6). Let l(j) = -j**3 + 8*j**2 - 8*j + 6. Let u be l(k). Calculate the highest common divisor of 120 and u.
30
Let t = 283 + -255. Let w = 840 - 596. Let y = w + -20. Calculate the greatest common divisor of y and t.
28
Suppose -f = -31 - 11. Suppose 0 + 99 = 3*s - 5*w, 5*w - 97 = -4*s. Calculate the highest common factor of f and s.
14
Suppose -4*d + 40 = -8. Suppose d*r = 16*r - 220. Suppose 31 = 3*o - 35. What is the greatest common factor of o and r?
11
Let y be 1/(-4) + -209*(-4)/16. Calculate the greatest common factor of y and 494.
26
Suppose 4 = 2*b, -82 = 10*y - 13*y - 5*b. Calculate the greatest common divisor of 57 and y.
3
Let c = 45 + -39. Suppose 4*p + g = 147, 0 = 5*g + c - 21. Calculate the greatest common divisor of p and 36.
36
Suppose -68*z = 21*z - 65682. Calculate the highest common divisor of z and 18.
18
Let m(w) = -w**3 - 23*w**2 - 23*w - 17. Let n be m(-22). What is the greatest common factor of n and 45?
5
Let r(i) = 2*i + 50. Let a be r(-19). Let q(v) = -v**2 + 16*v - 12. Let u be q(a). Calculate the greatest common factor of u and 216.
36
Suppose t + 583 + 1365 = 3*w, t = -3*w + 1940. Suppose -w = -x - 2*x. What is the greatest common divisor of x and 24?
24
Let v(i) = i**3 + 2*i**2 + 2. Let n be v(-2). Suppose -471 = -n*j + 3*y, -5*y - 1190 = j - 6*j. Calculate the highest common factor of 27 and j.
27
Let u = -12 - -9. Let t be (3*-58)/u - 2. Let a be -4*(-1)/2*4. What is the highest common divisor of a and t?
8
Let x(r) be the first derivative of -r**2/2 - r + 5. Let w be x(1). Let u be w/(-6)*3 - -22. Calculate the greatest common factor of u and 92.
23
Suppose -359 = -6*q + 3*q - r, -3*r = 12. Let u be (-2)/(-4) - (-126)/12. What is the greatest common divisor of u and q?
11
Let r = -62 + 62. Suppose 5*y = -r*y + 440. What is the highest common factor of y and 22?
22
Let d be 2/(6/459) + -4. Suppose -d = -5*s + 76. What is the highest common factor of 60 and s?
15
Let a(f) = 23 - 7 - f**2 + 15 + 23*f. Let z be a(20). What is the greatest common factor of 13 and z?
13
Suppose u - 32 = -0*u. What is the highest common divisor of 736 and u?
32
Let w(l) = 3*l**3 - 2*l**2 - 32*l. Let d be w(5). What is the highest common divisor of 180 and d?
15
Let q = 2581 - 2554. Suppose 0*t = -t + 189. Calculate the greatest common factor of q and t.
27
Let f(l) = 8*l**2 - 1. Let r be f(-1). Suppose 2*m + 2*t = 34, -22*m - 73 = -27*m - t. Calculate the highest common factor of r and m.
7
Suppose 2*o + 5*r + 334 = 5*o, 0 = 4*o + 2*r - 428. What is the highest common divisor of o and 12?
12
Let v be (24/9)/2*15. Suppose 4*o + 2 - 22 = 0. Suppose 16 = 2*p + 4*n, -o*p + n + 71 = 20. What is the highest common factor of v and p?
10
Suppose 80*i - 130 = 67*i. What is the highest common factor of i and 80?
10
Let x = 850 - 759. What is the greatest common factor of 117 and x?
13
Let l = 525 - 245. What is the highest common factor of l and 168?
56
Let k = 665 - 235. Let n be k/14 - (-2)/7. Let w be ((-558)/4)/(9/(-18)). What is the greatest common divisor of w and n?
31
Let w(n) = n**2 + n - 4. Let d be w(-5). Let f be (-3)/(-15) - (-207)/15. Suppose 9*v - f*v + 10 = 0. Calculate the highest common divisor of v and d.
2
Let p(t) = t**3 - 4*t**2 + 2*t - 4. Let v be p(4). Let d(j) = 4 - 10*j - v. Let o be d(-2). Calculate the greatest common factor of 160 and o.
20
Let s = 872 - 684. Calculate the highest common divisor of 47 and s.
47
Let x be 4 + (-31 - 8/(-4)). Let p be (-15)/x - 306/15*-1. Calculate the highest common divisor of p and 42.
21
Suppose -51*z = -48*z - 87. What is the greatest common factor of z and 203?
29
Suppose -48 = -c - 5*o + 205, -c = -3*o - 213. Calculate the highest common divisor of c and 798.
114
Suppose 0 = -3*f - 5 + 11. Suppose 658 = 8*g - 3*g - 2*z, f*z = g - 138. What is the highest common factor of 13 and g?
13
Let m = 7 + -14. Let y = m + 20. Let z = 85 - 72. Calculate the highest common factor of z and y.
13
Let i(g) = -g**2 + 2*g + 2. Let s be i(3). Let v = 4 + s. Let c(u) = 5*u**2 - u + 2. Let b be c(-2). What is the greatest common divisor of v and b?
3
Let y = -359 + 808. Let d be (-4 + 1)/(4 + -1 - 4). Suppose -c - 100 = -r + 3*c, d*c + y = 5*r. Calculate the greatest common divisor of r and 11.
11
Suppose -13*g = -10*g - 150. Calculate the greatest common divisor of 